{"id":223,"date":"2020-03-04T21:32:47","date_gmt":"2020-03-04T20:32:47","guid":{"rendered":"http:\/\/echtroper-sv-1992.de\/?page_id=223"},"modified":"2022-04-27T09:06:50","modified_gmt":"2022-04-27T07:06:50","slug":"aus-dem-soester-anzeiger-vom-22-03-15","status":"publish","type":"page","link":"https:\/\/echtroper-sv-1992.de\/?page_id=223","title":{"rendered":"Aus dem Soester Anzeiger vom 22.03.15"},"content":{"rendered":"<p><b><span style=\"margin: 0px; color: #224d7b; font-family: 'Times New Roman','serif'; font-size: 24pt;\">Echtroper SV besetzt \u00c4mter neu<\/span><\/b><\/p>\n<p><span style=\"margin: 0px; color: #797a7d; font-family: 'Times New Roman','serif'; font-size: 10.5pt;\">22.03.15 17:16<\/span><\/p>\n<p>&nbsp;<\/p>\n<p><span style=\"margin: 0px; color: #666666; font-family: 'Times New Roman','serif'; font-size: 12pt;\"> <img loading=\"lazy\" decoding=\"async\" width=\"300\" height=\"169\" class=\"alignnone size-medium wp-image-218\" alt=\"\" src=\"http:\/\/echtroper-sv-1992.de\/wp-content\/uploads\/2020\/03\/503823795-5490cff6-23f9-455a-a616-be360ab9ea43-If9-300x169.jpg\" srcset=\"https:\/\/echtroper-sv-1992.de\/wp-content\/uploads\/2020\/03\/503823795-5490cff6-23f9-455a-a616-be360ab9ea43-If9-300x169.jpg 300w, https:\/\/echtroper-sv-1992.de\/wp-content\/uploads\/2020\/03\/503823795-5490cff6-23f9-455a-a616-be360ab9ea43-If9-1024x576.jpg 1024w, https:\/\/echtroper-sv-1992.de\/wp-content\/uploads\/2020\/03\/503823795-5490cff6-23f9-455a-a616-be360ab9ea43-If9-768x432.jpg 768w, https:\/\/echtroper-sv-1992.de\/wp-content\/uploads\/2020\/03\/503823795-5490cff6-23f9-455a-a616-be360ab9ea43-If9-1536x864.jpg 1536w, https:\/\/echtroper-sv-1992.de\/wp-content\/uploads\/2020\/03\/503823795-5490cff6-23f9-455a-a616-be360ab9ea43-If9-2048x1152.jpg 2048w\" sizes=\"auto, (max-width: 300px) 100vw, 300px\" \/><\/span><\/p>\n<p><span style=\"margin: 0px; color: #666666; font-family: 'Times New Roman','serif'; font-size: 12pt; display: none;\">\u00a9&nbsp;Leandra M\u00fcller<\/span><\/p>\n<p><span style=\"margin: 0px; color: #666666; font-family: 'Times New Roman','serif'; font-size: 10.5pt;\">Der Vorstand des Echtroper SV stellte sich zum Gruppenbild auf (von links): Nicole Glaremin, Hannes Leifert, Reinhard Langenhorst, Fabian Henke, der neue Beisitzer Danny Rauh, Olaf Rauh, Ulrike Beckschwarte, Gabriele Michaelis, die ehemalige Spartenleiterin der Damen Katy Rauh, ihre Nachfolgerin Cornelia Eickhoff und Christiane Schr\u00f6der.<\/span><\/p>\n<p><span style=\"margin: 0px; color: #666666; font-family: 'Times New Roman','serif'; font-size: 10.5pt;\">\u00a9&nbsp;Leandra M\u00fcller<\/span><\/p>\n<p><span style=\"margin: 0px; color: #666666; font-family: 'Times New Roman','serif'; font-size: 10.5pt;\">&nbsp;<\/span><\/p>\n<p><span style=\"margin: 0px; color: #666666; font-family: 'Times New Roman','serif'; font-size: 13pt;\">ECHTROP &#8211; Wahlen standen am Samstag bei der Jahreshauptversammlung des Echtroper Sportvereins auf der Tagesordnung. Dabei wurden einige \u00c4mter im B\u00fcrgertreff neu besetzt.<\/span><\/p>\n<p><span style=\"margin: 0px; color: #666666; font-family: 'Times New Roman','serif'; font-size: 13pt;\">Katy Rauh, die seit \u00fcber zehn Jahren als Spartenleiterin der Damen t\u00e4tig gewesen war, legte ihr Amt in diesem Jahr nieder. Mit einem Blumenstrau\u00df, einer Flasche Sekt und einem Kuss dankte ihr ihr Ehemann Olaf Rauh, der auch zugleich erster Vorsitzender des Vereins ist, f\u00fcr ihr Engagement. Fortan wird Cornelia Eickhoff die Leitung der Damen \u00fcbernehmen. Ein neues Gesicht gibt es aber auch an der Spitze der M\u00e4nnerabteilung. Hier wurde Fabian Henke einstimmig zum neuen Spartenleiter Fu\u00dfball gew\u00e4hlt. Die Stelle des Beisitzers im Vorstand, die seit der letzten Wahlperiode offen stand, konnte ebenfalls besetzt werden: Danny Rauh \u00fcbernimmt das Amt im kommenden Jahr. Zur neuen Kassenpr\u00fcferin wurde zudem Nicole Glaremin gew\u00e4hlt.<\/span><\/p>\n<p><span style=\"margin: 0px; color: #666666; font-family: 'Times New Roman','serif'; font-size: 13pt;\">Ansonsten bleibt aber alles, wie es ist: Das Amt des zweiten Vorsitzenden \u00fcbernimmt weiterhin Dieter Severin, der aus gesundheitlichen gr\u00fcnden nicht an der Versammlung teilnehmen konnte. Auch Christiane Schr\u00f6der wird dem Verein in den kommenden zwei Jahren als Schriftf\u00fchrerin erhalten bleiben.<\/span><\/p>\n<p><span style=\"margin: 0px; color: #666666; font-family: 'Times New Roman','serif'; font-size: 13pt;\">Letztere berichtete vom Bedarf an jungen Spielerinnen im Nachwuchsbereich: \u201eUnsere M\u00e4dchenmannschaft braucht noch ein bisschen Verst\u00e4rkung.\u201c M\u00e4dchen im Alter von 15 bis 17 Jahren, die \u201eSpa\u00df am Spiel\u201c haben, sind daher samstags ab 11 Uhr beim Training gern gesehen. \u201eLeider haben viele Leute keine Zeit mehr f\u00fcr den gemeinsamen Sport, da sie etwa am Wochenende arbeiten m\u00fcssen\u201c, beklagte Vorsitzender Olaf Rauh. Irgendwie schaffe es der Verein aber trotzdem immer, eine Mannschaft zusammen zu bekommen, lobte Rauh seine Vereinskameraden. Er blickte dann auch auf ein aktives Jahr 2014 mit vielen Aktionen zur\u00fcck. Besonders wird den Echtroper Sportlern dabei wohl noch das Feldturnier im Mai in Erinnerung bleiben, hatte der Verein doch zum ersten Mal in seiner Geschichte sein eigenes Turnier gewonnen.<\/span><\/p>\n<p><span style=\"margin: 0px; color: #666666; font-family: 'Times New Roman','serif'; font-size: 13pt;\">In diesem Jahr will der Echtroper SV auf gro\u00dfe Fahrt: \u201eAnfang Juni geht es mit dem Verein nach Wismar in Mecklenburg-Vorpommern. Wir haben einen Bus und Zimmer f\u00fcr 60 Leute gebucht\u201c, gab Christiane Schr\u00f6der bekannt. In einer Jugendherberge direkt an der Ostsee sind die Sportler dann untergebracht. \u201eUnsere j\u00fcngste Teilnehmerin ist vier Jahre, unsere \u00e4lteste 94 Jahre alt\u201c, berichtete Schr\u00f6der weiter. Das Programm sei dementsprechend bunt gemischt. Nur noch wenige der 60 Pl\u00e4tze sind frei. Allerdings wird es in diesem Jahr keinen Familien-und Jugendtag geben, als Alternative daf\u00fcr wird die Wismar-Fahrt angeboten.<\/span><\/p>\n<p><span style=\"margin: 0px; color: #666666; font-family: 'Times New Roman','serif'; font-size: 13pt;\">Der n\u00e4chste Termin des Sportvereins ist das j\u00e4hrliche Feldturnier am 30. Mai.<\/span><\/p>\n<p><b><span style=\"margin: 0px; color: #666666; font-family: 'Times New Roman','serif'; font-size: 13pt;\">Der Vorstand<\/span><\/b><\/p>\n<p><span style=\"margin: 0px; color: #666666; font-family: 'Times New Roman','serif'; font-size: 13pt;\">1. Vorsitzender: Olaf Rauh; 2. Vorsitzender: Dieter Severin; Ehrenvorstand: Reinhard Langenhorst; Schriftf\u00fchrerin: Christiane Schr\u00f6der; Spartenleiter Fu\u00dfball: Fabian Henke; Spartenleitung Damen: Cornelia Eickhoff, Gabriele Michaelis; Kassenpr\u00fcfer: Nicole Glaremin, Hannes Leifert; Kassiererin: Ulrike Beckschwarte. &#8211; lea<\/span><\/p>\n","protected":false},"excerpt":{"rendered":"<p>Echtroper SV besetzt \u00c4mter neu 22.03.15 17:16 &nbsp; \u00a9&nbsp;Leandra M\u00fcller Der Vorstand des Echtroper SV stellte sich zum Gruppenbild auf (von links): Nicole Glaremin, Hannes Leifert, Reinhard Langenhorst, Fabian Henke, der neue Beisitzer Danny Rauh, Olaf Rauh, Ulrike Beckschwarte, Gabriele Michaelis, die ehemalige Spartenleiterin der Damen Katy Rauh, ihre Nachfolgerin Cornelia Eickhoff und Christiane Schr\u00f6der. &hellip; <a href=\"https:\/\/echtroper-sv-1992.de\/?page_id=223\" class=\"more-link\"><span class=\"screen-reader-text\">Aus dem Soester Anzeiger vom 22.03.15<\/span> weiterlesen<\/a><\/p>\n","protected":false},"author":1,"featured_media":0,"parent":34,"menu_order":6,"comment_status":"closed","ping_status":"closed","template":"","meta":{"ngg_post_thumbnail":0,"footnotes":""},"class_list":["post-223","page","type-page","status-publish","hentry"],"_links":{"self":[{"href":"https:\/\/echtroper-sv-1992.de\/index.php?rest_route=\/wp\/v2\/pages\/223","targetHints":{"allow":["GET"]}}],"collection":[{"href":"https:\/\/echtroper-sv-1992.de\/index.php?rest_route=\/wp\/v2\/pages"}],"about":[{"href":"https:\/\/echtroper-sv-1992.de\/index.php?rest_route=\/wp\/v2\/types\/page"}],"author":[{"embeddable":true,"href":"https:\/\/echtroper-sv-1992.de\/index.php?rest_route=\/wp\/v2\/users\/1"}],"replies":[{"embeddable":true,"href":"https:\/\/echtroper-sv-1992.de\/index.php?rest_route=%2Fwp%2Fv2%2Fcomments&post=223"}],"version-history":[{"count":1,"href":"https:\/\/echtroper-sv-1992.de\/index.php?rest_route=\/wp\/v2\/pages\/223\/revisions"}],"predecessor-version":[{"id":224,"href":"https:\/\/echtroper-sv-1992.de\/index.php?rest_route=\/wp\/v2\/pages\/223\/revisions\/224"}],"up":[{"embeddable":true,"href":"https:\/\/echtroper-sv-1992.de\/index.php?rest_route=\/wp\/v2\/pages\/34"}],"wp:attachment":[{"href":"https:\/\/echtroper-sv-1992.de\/index.php?rest_route=%2Fwp%2Fv2%2Fmedia&parent=223"}],"curies":[{"name":"wp","href":"https:\/\/api.w.org\/{rel}","templated":true}]}}

<p><b><span style="margin: 0px; color: #224d7b; font-family: 'Times New Roman','serif'; font-size: 24pt;">Echtroper SV besetzt Ämter neu</span></b></p>
<p><span style="margin: 0px; color: #797a7d; font-family: 'Times New Roman','serif'; font-size: 10.5pt;">22.03.15 17:16</span></p>
<p>&nbsp;</p>
<p><span style="margin: 0px; color: #666666; font-family: 'Times New Roman','serif'; font-size: 12pt;"> <img loading="lazy" decoding="async" width="300" height="169" class="alignnone size-medium wp-image-218" alt="" src="http://echtroper-sv-1992.de/wp-content/uploads/2020/03/503823795-5490cff6-23f9-455a-a616-be360ab9ea43-If9-300x169.jpg" srcset="https://echtroper-sv-1992.de/wp-content/uploads/2020/03/503823795-5490cff6-23f9-455a-a616-be360ab9ea43-If9-300x169.jpg 300w, https://echtroper-sv-1992.de/wp-content/uploads/2020/03/503823795-5490cff6-23f9-455a-a616-be360ab9ea43-If9-1024x576.jpg 1024w, https://echtroper-sv-1992.de/wp-content/uploads/2020/03/503823795-5490cff6-23f9-455a-a616-be360ab9ea43-If9-768x432.jpg 768w, https://echtroper-sv-1992.de/wp-content/uploads/2020/03/503823795-5490cff6-23f9-455a-a616-be360ab9ea43-If9-1536x864.jpg 1536w, https://echtroper-sv-1992.de/wp-content/uploads/2020/03/503823795-5490cff6-23f9-455a-a616-be360ab9ea43-If9-2048x1152.jpg 2048w" sizes="auto, (max-width: 300px) 100vw, 300px" /></span></p>
<p><span style="margin: 0px; color: #666666; font-family: 'Times New Roman','serif'; font-size: 12pt; display: none;">©&nbsp;Leandra Müller</span></p>
<p><span style="margin: 0px; color: #666666; font-family: 'Times New Roman','serif'; font-size: 10.5pt;">Der Vorstand des Echtroper SV stellte sich zum Gruppenbild auf (von links): Nicole Glaremin, Hannes Leifert, Reinhard Langenhorst, Fabian Henke, der neue Beisitzer Danny Rauh, Olaf Rauh, Ulrike Beckschwarte, Gabriele Michaelis, die ehemalige Spartenleiterin der Damen Katy Rauh, ihre Nachfolgerin Cornelia Eickhoff und Christiane Schröder.</span></p>
<p><span style="margin: 0px; color: #666666; font-family: 'Times New Roman','serif'; font-size: 10.5pt;">©&nbsp;Leandra Müller</span></p>
<p><span style="margin: 0px; color: #666666; font-family: 'Times New Roman','serif'; font-size: 10.5pt;">&nbsp;</span></p>
<p><span style="margin: 0px; color: #666666; font-family: 'Times New Roman','serif'; font-size: 13pt;">ECHTROP &#8211; Wahlen standen am Samstag bei der Jahreshauptversammlung des Echtroper Sportvereins auf der Tagesordnung. Dabei wurden einige Ämter im Bürgertreff neu besetzt.</span></p>
<p><span style="margin: 0px; color: #666666; font-family: 'Times New Roman','serif'; font-size: 13pt;">Katy Rauh, die seit über zehn Jahren als Spartenleiterin der Damen tätig gewesen war, legte ihr Amt in diesem Jahr nieder. Mit einem Blumenstrauß, einer Flasche Sekt und einem Kuss dankte ihr ihr Ehemann Olaf Rauh, der auch zugleich erster Vorsitzender des Vereins ist, für ihr Engagement. Fortan wird Cornelia Eickhoff die Leitung der Damen übernehmen. Ein neues Gesicht gibt es aber auch an der Spitze der Männerabteilung. Hier wurde Fabian Henke einstimmig zum neuen Spartenleiter Fußball gewählt. Die Stelle des Beisitzers im Vorstand, die seit der letzten Wahlperiode offen stand, konnte ebenfalls besetzt werden: Danny Rauh übernimmt das Amt im kommenden Jahr. Zur neuen Kassenprüferin wurde zudem Nicole Glaremin gewählt.</span></p>
<p><span style="margin: 0px; color: #666666; font-family: 'Times New Roman','serif'; font-size: 13pt;">Ansonsten bleibt aber alles, wie es ist: Das Amt des zweiten Vorsitzenden übernimmt weiterhin Dieter Severin, der aus gesundheitlichen gründen nicht an der Versammlung teilnehmen konnte. Auch Christiane Schröder wird dem Verein in den kommenden zwei Jahren als Schriftführerin erhalten bleiben.</span></p>
<p><span style="margin: 0px; color: #666666; font-family: 'Times New Roman','serif'; font-size: 13pt;">Letztere berichtete vom Bedarf an jungen Spielerinnen im Nachwuchsbereich: „Unsere Mädchenmannschaft braucht noch ein bisschen Verstärkung.“ Mädchen im Alter von 15 bis 17 Jahren, die „Spaß am Spiel“ haben, sind daher samstags ab 11 Uhr beim Training gern gesehen. „Leider haben viele Leute keine Zeit mehr für den gemeinsamen Sport, da sie etwa am Wochenende arbeiten müssen“, beklagte Vorsitzender Olaf Rauh. Irgendwie schaffe es der Verein aber trotzdem immer, eine Mannschaft zusammen zu bekommen, lobte Rauh seine Vereinskameraden. Er blickte dann auch auf ein aktives Jahr 2014 mit vielen Aktionen zurück. Besonders wird den Echtroper Sportlern dabei wohl noch das Feldturnier im Mai in Erinnerung bleiben, hatte der Verein doch zum ersten Mal in seiner Geschichte sein eigenes Turnier gewonnen.</span></p>
<p><span style="margin: 0px; color: #666666; font-family: 'Times New Roman','serif'; font-size: 13pt;">In diesem Jahr will der Echtroper SV auf große Fahrt: „Anfang Juni geht es mit dem Verein nach Wismar in Mecklenburg-Vorpommern. Wir haben einen Bus und Zimmer für 60 Leute gebucht“, gab Christiane Schröder bekannt. In einer Jugendherberge direkt an der Ostsee sind die Sportler dann untergebracht. „Unsere jüngste Teilnehmerin ist vier Jahre, unsere älteste 94 Jahre alt“, berichtete Schröder weiter. Das Programm sei dementsprechend bunt gemischt. Nur noch wenige der 60 Plätze sind frei. Allerdings wird es in diesem Jahr keinen Familien-und Jugendtag geben, als Alternative dafür wird die Wismar-Fahrt angeboten.</span></p>
<p><span style="margin: 0px; color: #666666; font-family: 'Times New Roman','serif'; font-size: 13pt;">Der nächste Termin des Sportvereins ist das jährliche Feldturnier am 30. Mai.</span></p>
<p><b><span style="margin: 0px; color: #666666; font-family: 'Times New Roman','serif'; font-size: 13pt;">Der Vorstand</span></b></p>
<p><span style="margin: 0px; color: #666666; font-family: 'Times New Roman','serif'; font-size: 13pt;">1. Vorsitzender: Olaf Rauh; 2. Vorsitzender: Dieter Severin; Ehrenvorstand: Reinhard Langenhorst; Schriftführerin: Christiane Schröder; Spartenleiter Fußball: Fabian Henke; Spartenleitung Damen: Cornelia Eickhoff, Gabriele Michaelis; Kassenprüfer: Nicole Glaremin, Hannes Leifert; Kassiererin: Ulrike Beckschwarte. &#8211; lea</span></p>

<p>Echtroper SV besetzt Ämter neu 22.03.15 17:16 &nbsp; ©&nbsp;Leandra Müller Der Vorstand des Echtroper SV stellte sich zum Gruppenbild auf (von links): Nicole Glaremin, Hannes Leifert, Reinhard Langenhorst, Fabian Henke, der neue Beisitzer Danny Rauh, Olaf Rauh, Ulrike Beckschwarte, Gabriele Michaelis, die ehemalige Spartenleiterin der Damen Katy Rauh, ihre Nachfolgerin Cornelia Eickhoff und Christiane Schröder. &hellip; <a href="https://echtroper-sv-1992.de/?page_id=223" class="more-link"><span class="screen-reader-text">Aus dem Soester Anzeiger vom 22.03.15</span> weiterlesen</a></p>
