{"id":34,"date":"2018-12-02T16:44:04","date_gmt":"2018-12-02T15:44:04","guid":{"rendered":"http:\/\/echtroper-sv-1992.de\/?page_id=34"},"modified":"2024-11-06T11:31:56","modified_gmt":"2024-11-06T10:31:56","slug":"vereinsgeschichte","status":"publish","type":"page","link":"http:\/\/echtroper-sv-1992.de\/?page_id=34","title":{"rendered":"Vereinsgeschichte"},"content":{"rendered":"<p>In der Gastst\u00e4tte Heckenkamp wurde 1992 der Echtroper Sportverein gegr\u00fcndet.&nbsp;Seit dem gab es viele sch\u00f6ne Ausfl\u00fcge, Turniere, Sportfeste, Herbstfeste, Jubil\u00e4en und nat\u00fcrlich k\u00f6rperliche Ert\u00fcchtigung aller Art in Echtrop.&nbsp;<\/p>\n<p>Der Sportverein ist neben dem Sch\u00fctzenverein eine wichtiger Bestandteil f\u00fcr das d\u00f6rfliche Miteinander und nat\u00fcrlich auch f\u00fcr alle die mitmachen m\u00f6chten und nicht in Echtrop wohnen.<\/p>\n<p>Unsere letzten Vorst\u00e4nde sowie ein paar j\u00fcngere Zeitungsberichte aus dem Online Archiv des Soester Anzeigers findet ihr unter diesem Men\u00fcpunkt.<\/p>\n<p>&nbsp;<\/p>\n","protected":false},"excerpt":{"rendered":"<p>In der Gastst\u00e4tte Heckenkamp wurde 1992 der Echtroper Sportverein gegr\u00fcndet.&nbsp;Seit dem gab es viele sch\u00f6ne Ausfl\u00fcge, Turniere, Sportfeste, Herbstfeste, Jubil\u00e4en und nat\u00fcrlich k\u00f6rperliche Ert\u00fcchtigung aller Art in Echtrop.&nbsp; Der Sportverein ist neben dem Sch\u00fctzenverein eine wichtiger Bestandteil f\u00fcr das d\u00f6rfliche Miteinander und nat\u00fcrlich auch f\u00fcr alle die mitmachen m\u00f6chten und nicht in Echtrop wohnen. Unsere &hellip; <a href=\"http:\/\/echtroper-sv-1992.de\/?page_id=34\" class=\"more-link\"><span class=\"screen-reader-text\">Vereinsgeschichte<\/span> weiterlesen<\/a><\/p>\n","protected":false},"author":1,"featured_media":0,"parent":0,"menu_order":0,"comment_status":"closed","ping_status":"closed","template":"","meta":{"ngg_post_thumbnail":0,"footnotes":""},"class_list":["post-34","page","type-page","status-publish","hentry"],"_links":{"self":[{"href":"http:\/\/echtroper-sv-1992.de\/index.php?rest_route=\/wp\/v2\/pages\/34","targetHints":{"allow":["GET"]}}],"collection":[{"href":"http:\/\/echtroper-sv-1992.de\/index.php?rest_route=\/wp\/v2\/pages"}],"about":[{"href":"http:\/\/echtroper-sv-1992.de\/index.php?rest_route=\/wp\/v2\/types\/page"}],"author":[{"embeddable":true,"href":"http:\/\/echtroper-sv-1992.de\/index.php?rest_route=\/wp\/v2\/users\/1"}],"replies":[{"embeddable":true,"href":"http:\/\/echtroper-sv-1992.de\/index.php?rest_route=%2Fwp%2Fv2%2Fcomments&post=34"}],"version-history":[{"count":7,"href":"http:\/\/echtroper-sv-1992.de\/index.php?rest_route=\/wp\/v2\/pages\/34\/revisions"}],"predecessor-version":[{"id":385,"href":"http:\/\/echtroper-sv-1992.de\/index.php?rest_route=\/wp\/v2\/pages\/34\/revisions\/385"}],"wp:attachment":[{"href":"http:\/\/echtroper-sv-1992.de\/index.php?rest_route=%2Fwp%2Fv2%2Fmedia&parent=34"}],"curies":[{"name":"wp","href":"https:\/\/api.w.org\/{rel}","templated":true}]}}