{"id":216,"date":"2020-03-04T21:27:26","date_gmt":"2020-03-04T20:27:26","guid":{"rendered":"http:\/\/echtroper-sv-1992.de\/?page_id=216"},"modified":"2022-04-27T09:06:55","modified_gmt":"2022-04-27T07:06:55","slug":"aus-dem-soester-anzeiger-vom-06-02-12","status":"publish","type":"page","link":"http:\/\/echtroper-sv-1992.de\/?page_id=216","title":{"rendered":"Aus dem Soester Anzeiger vom 06.02.12"},"content":{"rendered":"<p><b><span style=\"margin: 0px; color: #224d7b; font-family: 'Times New Roman','serif'; font-size: 24pt;\">Echtroper SV wird 20 Jahre alt<\/span><\/b><\/p>\n<p><span style=\"margin: 0px; color: #797a7d; font-family: 'Times New Roman','serif'; font-size: 10.5pt;\">06.02.12 18:36<\/span><\/p>\n<p><img loading=\"lazy\" decoding=\"async\" width=\"300\" height=\"169\" class=\"alignnone size-medium wp-image-217\" alt=\"\" src=\"http:\/\/echtroper-sv-1992.de\/wp-content\/uploads\/2020\/03\/1944355825-280_008_2731709_2omoebrues-2Vf9-300x169.jpg\" srcset=\"http:\/\/echtroper-sv-1992.de\/wp-content\/uploads\/2020\/03\/1944355825-280_008_2731709_2omoebrues-2Vf9-300x169.jpg 300w, http:\/\/echtroper-sv-1992.de\/wp-content\/uploads\/2020\/03\/1944355825-280_008_2731709_2omoebrues-2Vf9-1024x576.jpg 1024w, http:\/\/echtroper-sv-1992.de\/wp-content\/uploads\/2020\/03\/1944355825-280_008_2731709_2omoebrues-2Vf9-768x432.jpg 768w, http:\/\/echtroper-sv-1992.de\/wp-content\/uploads\/2020\/03\/1944355825-280_008_2731709_2omoebrues-2Vf9-1536x864.jpg 1536w, http:\/\/echtroper-sv-1992.de\/wp-content\/uploads\/2020\/03\/1944355825-280_008_2731709_2omoebrues-2Vf9-2048x1152.jpg 2048w\" sizes=\"auto, (max-width: 300px) 100vw, 300px\" \/><\/p>\n<p>&nbsp;<\/p>\n<p><span style=\"margin: 0px; color: #666666; font-family: 'Times New Roman','serif'; font-size: 13pt;\">Olaf Rauh bleibt an der Spitze des Echtroper Sportvereins (ESV), der am 8. Dezember mit dem \u201eHerbstfest\u201c zwei Tage vor dem eigentlichen Gr\u00fcndungsdatum sein 20-j\u00e4hriges Bestehen feiert.<\/span><\/p>\n<p><span style=\"margin: 0px; color: #666666; font-family: 'Times New Roman','serif'; font-size: 13pt;\">Einstimmig votierten die Teilnehmer der Jahreshauptversammlung in der Vereinsgastst\u00e4tte Heckenkamp f\u00fcr die Wiederwahl ihres Vorsitzenden.<\/span><\/p>\n<p><span style=\"margin: 0px; color: #666666; font-family: 'Times New Roman','serif'; font-size: 13pt;\">Ebenso einm\u00fctig in ihren \u00c4mtern best\u00e4tigt wurden Kassiererin Ulrike Beckschwarte sowie Kati Rauh und Regina Leifert als Spartenleiterinnen der Damengruppe. Neuer zweiter Jugendwart ist Ren\u00e9 Weigl, der Markus Herbst abl\u00f6st. Herbst hatte dieses Amt f\u00fcnf Jahre inne. F\u00fcnf Jahre war auch Franz Lampe Mitglied im Vorstand. Seine Funktion als Beisitzer \u00fcbernimmt jetzt Sven Dahlhof. Michael Jonatzke l\u00f6st Mechthild Wulf ab, ist f\u00fcr das laufende Gesch\u00e4ftsjahr jetzt zum Kassenpr\u00fcfer bestellt.<\/span><\/p>\n<p><span style=\"margin: 0px; color: #666666; font-family: 'Times New Roman','serif'; font-size: 13pt;\">Der Blick auf die Aktivit\u00e4ten im Berichtszeitraum zeugte von einem aktiven Vereinsleben mit vielen Veranstaltungen. Im M\u00e4rz vergangenen Jahres fand unter eigener Regie ein Juniorenturnier mit acht Mannschaften und ein Seniorenturnier mit 12 Mannschaften in der K\u00f6rbecker Ballsporthalle statt. Dar\u00fcber hinaus waren die Echtroper bei Hallenturnieren der Sportfreunde aus Br\u00fcllingsen und aus Berlingsen dabei. Ende Mai fand das Seniorenturnier auf dem Echtroper Sportplatz statt.<\/span><\/p>\n<p><span style=\"margin: 0px; color: #666666; font-family: 'Times New Roman','serif'; font-size: 13pt;\">Flo\u00dfbau und der anschlie\u00dfende Test auf Seetauglichkeit sorgten beim Familientag im Juli f\u00fcr gesellige Unterhaltung.<\/span><\/p>\n<p><span style=\"margin: 0px; color: #666666; font-family: 'Times New Roman','serif'; font-size: 13pt;\">40 Helfer beim \u201eLake Run\u201c<\/span><\/p>\n<p><span style=\"margin: 0px; color: #666666; font-family: 'Times New Roman','serif'; font-size: 13pt;\">Im August geh\u00f6rten die Echtroper Sportler zu den aktiven Helfern bei der zweiten Auflage des \u201eLake Run\u201c. Rund 40 Vereinsmitglieder wurden mobilisiert, um Hindernisse auf der Strecke zu betreuen. Die Damen des ESV standen f\u00fcr eine Reportage des WDR sogar vor der Kamera. Mit Sven Dahlhoff, Mike Blohmann, Mike Rennebaum, Luca Mannweiler und Kevin Kleineheer holten sich ESV-Kicker den zweiten Platz beim 3,5-Kilometer-Hindernislauf. Rosemarie Schikorra, Nicole Glaremin, Birgit J\u00e4ger, Andrea Kleineheer und Katja Schulte gingen ebenfalls auf die Strecke, wurden mit dem zweiten Platz f\u00fcr tolle Kost\u00fcme zumindest Meisterinnen der Herzen: \u201eDabei sein ist alles\u201c, sagt die Truppe im R\u00fcckblick.<\/span><\/p>\n<p><span style=\"margin: 0px; color: #666666; font-family: 'Times New Roman','serif'; font-size: 13pt;\">Seit April standen gef\u00fchrte Radtouren auf dem Programm \u2013 18 Sportler beteiligten sich nach intensivem Training im August an der 70-Kilometer-Tour nach Paderborn. Als geselliger Erfolg geht ebenso die \u201eItalienische Nacht\u201c durch: Im September feierten die Sportler ihr Herbstfest im B\u00fcrgertreff, ehrten dabei unter anderem Teilnehmer des M\u00f6hne-Triathlon, des Silvesterlaufs, des Wickeder Ruhrauen-Laufs und des Br\u00fcckenlaufs in K\u00f6ln. \u201eEin rundum gelungenes Jahr\u201c, mit dieser Bilanz geht Olaf Rauh in seine n\u00e4chste Amtszeit als Vorsitzender beim ESV.<\/span><\/p>\n<p><span style=\"color: #000000; font-family: Calibri; font-size: medium;\">&nbsp;<\/span><\/p>\n","protected":false},"excerpt":{"rendered":"<p>Echtroper SV wird 20 Jahre alt 06.02.12 18:36 &nbsp; Olaf Rauh bleibt an der Spitze des Echtroper Sportvereins (ESV), der am 8. Dezember mit dem \u201eHerbstfest\u201c zwei Tage vor dem eigentlichen Gr\u00fcndungsdatum sein 20-j\u00e4hriges Bestehen feiert. Einstimmig votierten die Teilnehmer der Jahreshauptversammlung in der Vereinsgastst\u00e4tte Heckenkamp f\u00fcr die Wiederwahl ihres Vorsitzenden. Ebenso einm\u00fctig in ihren &hellip; <a href=\"http:\/\/echtroper-sv-1992.de\/?page_id=216\" class=\"more-link\"><span class=\"screen-reader-text\">Aus dem Soester Anzeiger vom 06.02.12<\/span> weiterlesen<\/a><\/p>\n","protected":false},"author":1,"featured_media":0,"parent":34,"menu_order":7,"comment_status":"closed","ping_status":"closed","template":"","meta":{"ngg_post_thumbnail":0,"footnotes":""},"class_list":["post-216","page","type-page","status-publish","hentry"],"_links":{"self":[{"href":"http:\/\/echtroper-sv-1992.de\/index.php?rest_route=\/wp\/v2\/pages\/216","targetHints":{"allow":["GET"]}}],"collection":[{"href":"http:\/\/echtroper-sv-1992.de\/index.php?rest_route=\/wp\/v2\/pages"}],"about":[{"href":"http:\/\/echtroper-sv-1992.de\/index.php?rest_route=\/wp\/v2\/types\/page"}],"author":[{"embeddable":true,"href":"http:\/\/echtroper-sv-1992.de\/index.php?rest_route=\/wp\/v2\/users\/1"}],"replies":[{"embeddable":true,"href":"http:\/\/echtroper-sv-1992.de\/index.php?rest_route=%2Fwp%2Fv2%2Fcomments&post=216"}],"version-history":[{"count":3,"href":"http:\/\/echtroper-sv-1992.de\/index.php?rest_route=\/wp\/v2\/pages\/216\/revisions"}],"predecessor-version":[{"id":222,"href":"http:\/\/echtroper-sv-1992.de\/index.php?rest_route=\/wp\/v2\/pages\/216\/revisions\/222"}],"up":[{"embeddable":true,"href":"http:\/\/echtroper-sv-1992.de\/index.php?rest_route=\/wp\/v2\/pages\/34"}],"wp:attachment":[{"href":"http:\/\/echtroper-sv-1992.de\/index.php?rest_route=%2Fwp%2Fv2%2Fmedia&parent=216"}],"curies":[{"name":"wp","href":"https:\/\/api.w.org\/{rel}","templated":true}]}}

<p><b><span style="margin: 0px; color: #224d7b; font-family: 'Times New Roman','serif'; font-size: 24pt;">Echtroper SV wird 20 Jahre alt</span></b></p>
<p><span style="margin: 0px; color: #797a7d; font-family: 'Times New Roman','serif'; font-size: 10.5pt;">06.02.12 18:36</span></p>
<p><img loading="lazy" decoding="async" width="300" height="169" class="alignnone size-medium wp-image-217" alt="" src="http://echtroper-sv-1992.de/wp-content/uploads/2020/03/1944355825-280_008_2731709_2omoebrues-2Vf9-300x169.jpg" srcset="http://echtroper-sv-1992.de/wp-content/uploads/2020/03/1944355825-280_008_2731709_2omoebrues-2Vf9-300x169.jpg 300w, http://echtroper-sv-1992.de/wp-content/uploads/2020/03/1944355825-280_008_2731709_2omoebrues-2Vf9-1024x576.jpg 1024w, http://echtroper-sv-1992.de/wp-content/uploads/2020/03/1944355825-280_008_2731709_2omoebrues-2Vf9-768x432.jpg 768w, http://echtroper-sv-1992.de/wp-content/uploads/2020/03/1944355825-280_008_2731709_2omoebrues-2Vf9-1536x864.jpg 1536w, http://echtroper-sv-1992.de/wp-content/uploads/2020/03/1944355825-280_008_2731709_2omoebrues-2Vf9-2048x1152.jpg 2048w" sizes="auto, (max-width: 300px) 100vw, 300px" /></p>
<p>&nbsp;</p>
<p><span style="margin: 0px; color: #666666; font-family: 'Times New Roman','serif'; font-size: 13pt;">Olaf Rauh bleibt an der Spitze des Echtroper Sportvereins (ESV), der am 8. Dezember mit dem „Herbstfest“ zwei Tage vor dem eigentlichen Gründungsdatum sein 20-jähriges Bestehen feiert.</span></p>
<p><span style="margin: 0px; color: #666666; font-family: 'Times New Roman','serif'; font-size: 13pt;">Einstimmig votierten die Teilnehmer der Jahreshauptversammlung in der Vereinsgaststätte Heckenkamp für die Wiederwahl ihres Vorsitzenden.</span></p>
<p><span style="margin: 0px; color: #666666; font-family: 'Times New Roman','serif'; font-size: 13pt;">Ebenso einmütig in ihren Ämtern bestätigt wurden Kassiererin Ulrike Beckschwarte sowie Kati Rauh und Regina Leifert als Spartenleiterinnen der Damengruppe. Neuer zweiter Jugendwart ist René Weigl, der Markus Herbst ablöst. Herbst hatte dieses Amt fünf Jahre inne. Fünf Jahre war auch Franz Lampe Mitglied im Vorstand. Seine Funktion als Beisitzer übernimmt jetzt Sven Dahlhof. Michael Jonatzke löst Mechthild Wulf ab, ist für das laufende Geschäftsjahr jetzt zum Kassenprüfer bestellt.</span></p>
<p><span style="margin: 0px; color: #666666; font-family: 'Times New Roman','serif'; font-size: 13pt;">Der Blick auf die Aktivitäten im Berichtszeitraum zeugte von einem aktiven Vereinsleben mit vielen Veranstaltungen. Im März vergangenen Jahres fand unter eigener Regie ein Juniorenturnier mit acht Mannschaften und ein Seniorenturnier mit 12 Mannschaften in der Körbecker Ballsporthalle statt. Darüber hinaus waren die Echtroper bei Hallenturnieren der Sportfreunde aus Brüllingsen und aus Berlingsen dabei. Ende Mai fand das Seniorenturnier auf dem Echtroper Sportplatz statt.</span></p>
<p><span style="margin: 0px; color: #666666; font-family: 'Times New Roman','serif'; font-size: 13pt;">Floßbau und der anschließende Test auf Seetauglichkeit sorgten beim Familientag im Juli für gesellige Unterhaltung.</span></p>
<p><span style="margin: 0px; color: #666666; font-family: 'Times New Roman','serif'; font-size: 13pt;">40 Helfer beim „Lake Run“</span></p>
<p><span style="margin: 0px; color: #666666; font-family: 'Times New Roman','serif'; font-size: 13pt;">Im August gehörten die Echtroper Sportler zu den aktiven Helfern bei der zweiten Auflage des „Lake Run“. Rund 40 Vereinsmitglieder wurden mobilisiert, um Hindernisse auf der Strecke zu betreuen. Die Damen des ESV standen für eine Reportage des WDR sogar vor der Kamera. Mit Sven Dahlhoff, Mike Blohmann, Mike Rennebaum, Luca Mannweiler und Kevin Kleineheer holten sich ESV-Kicker den zweiten Platz beim 3,5-Kilometer-Hindernislauf. Rosemarie Schikorra, Nicole Glaremin, Birgit Jäger, Andrea Kleineheer und Katja Schulte gingen ebenfalls auf die Strecke, wurden mit dem zweiten Platz für tolle Kostüme zumindest Meisterinnen der Herzen: „Dabei sein ist alles“, sagt die Truppe im Rückblick.</span></p>
<p><span style="margin: 0px; color: #666666; font-family: 'Times New Roman','serif'; font-size: 13pt;">Seit April standen geführte Radtouren auf dem Programm – 18 Sportler beteiligten sich nach intensivem Training im August an der 70-Kilometer-Tour nach Paderborn. Als geselliger Erfolg geht ebenso die „Italienische Nacht“ durch: Im September feierten die Sportler ihr Herbstfest im Bürgertreff, ehrten dabei unter anderem Teilnehmer des Möhne-Triathlon, des Silvesterlaufs, des Wickeder Ruhrauen-Laufs und des Brückenlaufs in Köln. „Ein rundum gelungenes Jahr“, mit dieser Bilanz geht Olaf Rauh in seine nächste Amtszeit als Vorsitzender beim ESV.</span></p>
<p><span style="color: #000000; font-family: Calibri; font-size: medium;">&nbsp;</span></p>

<p>Echtroper SV wird 20 Jahre alt 06.02.12 18:36 &nbsp; Olaf Rauh bleibt an der Spitze des Echtroper Sportvereins (ESV), der am 8. Dezember mit dem „Herbstfest“ zwei Tage vor dem eigentlichen Gründungsdatum sein 20-jähriges Bestehen feiert. Einstimmig votierten die Teilnehmer der Jahreshauptversammlung in der Vereinsgaststätte Heckenkamp für die Wiederwahl ihres Vorsitzenden. Ebenso einmütig in ihren &hellip; <a href="http://echtroper-sv-1992.de/?page_id=216" class="more-link"><span class="screen-reader-text">Aus dem Soester Anzeiger vom 06.02.12</span> weiterlesen</a></p>
